{"id":91,"date":"2019-03-08T06:17:18","date_gmt":"2019-03-08T06:17:18","guid":{"rendered":"https:\/\/alc-systems.com\/?page_id=91"},"modified":"2019-03-09T11:50:27","modified_gmt":"2019-03-09T08:50:27","slug":"silikon-cephe","status":"publish","type":"page","link":"https:\/\/alc-systems.com\/index.php\/urunler\/silikon-cephe\/","title":{"rendered":"Silikon Cephe"},"content":{"rendered":"<p>&nbsp;<\/p>\n<div class=\"row\"> <div class=\"col-md-4\">\n<p><img loading=\"lazy\" decoding=\"async\" data-attachment-id=\"233\" data-permalink=\"https:\/\/alc-systems.com\/index.php\/urunler\/silikon-cephe-2\/\" data-orig-file=\"https:\/\/alc-systems.com\/wp-content\/uploads\/2019\/03\/silikon-cephe.png\" data-orig-size=\"350,291\" data-comments-opened=\"1\" data-image-meta=\"{&quot;aperture&quot;:&quot;0&quot;,&quot;credit&quot;:&quot;&quot;,&quot;camera&quot;:&quot;&quot;,&quot;caption&quot;:&quot;&quot;,&quot;created_timestamp&quot;:&quot;0&quot;,&quot;copyright&quot;:&quot;&quot;,&quot;focal_length&quot;:&quot;0&quot;,&quot;iso&quot;:&quot;0&quot;,&quot;shutter_speed&quot;:&quot;0&quot;,&quot;title&quot;:&quot;&quot;,&quot;orientation&quot;:&quot;0&quot;}\" data-image-title=\"Silikon Cephe\" data-image-description=\"&lt;p&gt;&lt;a href=&quot;https:\/\/alc-systems.com\/index.php\/urunler\/silikon-cephe\/&quot;&gt;Silikon Cephe&lt;\/a&gt;&lt;\/p&gt;\n\" data-image-caption=\"&lt;p&gt;Silikon Cephe&lt;\/p&gt;\n\" data-large-file=\"https:\/\/alc-systems.com\/wp-content\/uploads\/2019\/03\/silikon-cephe.png\" class=\"alignnone size-medium wp-image-233\" src=\"https:\/\/alc-systems.com\/wp-content\/uploads\/2019\/03\/silikon-cephe-300x249.png\" alt=\"\" width=\"300\" height=\"249\" srcset=\"https:\/\/alc-systems.com\/wp-content\/uploads\/2019\/03\/silikon-cephe-300x249.png 300w, https:\/\/alc-systems.com\/wp-content\/uploads\/2019\/03\/silikon-cephe.png 350w\" sizes=\"auto, (max-width: 300px) 100vw, 300px\" \/><\/p>\n<p>&nbsp;<\/p>\n<\/div><div class=\"col-md-8\">\n<p>Str\u00fckt\u00fcrel silikon cephe\u00a0 modern ve \u00e7a\u011fda\u015f g\u00f6r\u00fcn\u00fcm\u00fc sayesinde D\u00fcnya&#8217;da en \u00e7ok tercih edilen al\u00fcminyum giydirme cephe sistemidir.D\u0131\u015f g\u00f6r\u00fcn\u00fcm\u00fcnde al\u00fcminyum profillerinin g\u00f6z\u00fckmemesinden dolay\u0131 camcama sistem olarakta adland\u0131r\u0131lmaktad\u0131r.<br \/>\nALC-SYSTEMS&#8217;in \u00fcretimde tercih etti\u011fi ALCAS S\u0130STEMLER\u0130, silikon cephe profillerinde gerekli olan statik hesap degerini sa\u011flayabilecek jx ve jy de\u011ferlerine sahiptir. Alcas Profilleri mevcut kondens kanallar\u0131 sayesinde olu\u015facak yo\u011fu\u015fma ve yagmur sular\u0131n\u0131 sistem d\u0131\u015f\u0131na atmaktad\u0131r. Bu da i\u00e7 mekana su girme olas\u0131l\u0131\u011f\u0131n\u0131 yok etmektedir.<br \/>\nStr\u00fckt\u00fcrel silikon cephe ta\u015f\u0131y\u0131c\u0131 sistemi ; 2mm ve 1.8 mm et kal\u0131nl\u0131\u011f\u0131na sahip mulyon ve transom profilleri ile\u00a0 65 mm.\u2019 den 150 mm.\u2019 geni\u015fli\u011fine kadar de\u011fi\u015fen bir \u00f6l\u00e7\u00fc spektinde \u00fcretilmektedir.<\/p>\n<\/div><\/div>\n","protected":false},"excerpt":{"rendered":"<p>&nbsp;<\/p>\n","protected":false},"author":4,"featured_media":0,"parent":74,"menu_order":0,"comment_status":"closed","ping_status":"closed","template":"","meta":{"kt_blocks_editor_width":"","footnotes":""},"class_list":["post-91","page","type-page","status-publish","hentry"],"jetpack_shortlink":"https:\/\/wp.me\/PaMJF5-1t","jetpack_sharing_enabled":true,"amp_enabled":true,"_links":{"self":[{"href":"https:\/\/alc-systems.com\/index.php\/wp-json\/wp\/v2\/pages\/91","targetHints":{"allow":["GET"]}}],"collection":[{"href":"https:\/\/alc-systems.com\/index.php\/wp-json\/wp\/v2\/pages"}],"about":[{"href":"https:\/\/alc-systems.com\/index.php\/wp-json\/wp\/v2\/types\/page"}],"author":[{"embeddable":true,"href":"https:\/\/alc-systems.com\/index.php\/wp-json\/wp\/v2\/users\/4"}],"replies":[{"embeddable":true,"href":"https:\/\/alc-systems.com\/index.php\/wp-json\/wp\/v2\/comments?post=91"}],"version-history":[{"count":3,"href":"https:\/\/alc-systems.com\/index.php\/wp-json\/wp\/v2\/pages\/91\/revisions"}],"predecessor-version":[{"id":235,"href":"https:\/\/alc-systems.com\/index.php\/wp-json\/wp\/v2\/pages\/91\/revisions\/235"}],"up":[{"embeddable":true,"href":"https:\/\/alc-systems.com\/index.php\/wp-json\/wp\/v2\/pages\/74"}],"wp:attachment":[{"href":"https:\/\/alc-systems.com\/index.php\/wp-json\/wp\/v2\/media?parent=91"}],"curies":[{"name":"wp","href":"https:\/\/api.w.org\/{rel}","templated":true}]}}